
Does 646 divide 2073014?
True
Is 51 a factor of 244928?
False
Does 3 divide 13938?
True
Does 835 divide 14666775?
True
Is 26 a factor of 12074154?
False
Is 4014675 a multiple of 577?
False
Does 947 divide 1189432?
True
Is 3461832 a multiple of 12?
True
Is 200260 a multiple of 34?
True
Is 2071943 a multiple of 397?
True
Does 227 divide 1330901?
True
Is 513402 a multiple of 50?
False
Is 116327 a multiple of 92?
False
Does 7 divide 857898?
False
Is 18 a factor of 3198384?
True
Is 241 a factor of 8117135?
False
Does 5 divide 40015?
True
Does 31 divide 9646490?
False
Is 74 a factor of 260258?
True
Is 163051 a multiple of 7?
True
Does 618 divide 678564?
True
Is 457 a factor of 363668?
False
Is 24346 a multiple of 47?
True
Is 6 a factor of 147792?
True
Is 441232 a multiple of 16?
True
Does 43 divide 10573700?
True
Is 209 a factor of 2128665?
True
Is 724413 a multiple of 19?
True
Is 128 a factor of 261632?
True
Is 2163 a multiple of 2?
False
Is 12 a factor of 26559372?
True
Does 1076 divide 1009872?
False
Does 10 divide 290080?
True
Is 10 a factor of 1449005?
False
Is 51 a factor of 958617?
False
Is 460592 a multiple of 521?
False
Does 30 divide 3313558?
False
Is 14165319 a multiple of 1069?
True
Is 277360 a multiple of 12?
False
Is 275 a factor of 69575?
True
Is 30 a factor of 117780?
True
Is 9 a factor of 304748?
False
Is 138427 a multiple of 258?
False
Does 32 divide 11172064?
True
Does 49 divide 1039731?
True
Does 38 divide 482593?
False
Does 9 divide 112527?
True
Is 348 a factor of 30330?
False
Does 7 divide 284179?
True
Is 2514918 a multiple of 42?
True
Is 221181 a multiple of 22?
False
Is 1105615 a multiple of 40?
False
Does 3 divide 673833?
True
Is 18 a factor of 12204?
True
Does 27 divide 1441179?
True
Is 5 a factor of 514100?
True
Is 542768 a multiple of 140?
False
Does 14 divide 1356726?
True
Is 1698515 a multiple of 328?
False
Does 17 divide 51051?
True
Is 347250 a multiple of 30?
True
Is 44512 a multiple of 208?
True
Is 34 a factor of 124158?
False
Does 128 divide 653242?
False
Does 17 divide 118184?
True
Is 16 a factor of 583356?
False
Is 1266932 a multiple of 586?
True
Is 1754436 a multiple of 25?
False
Is 13 a factor of 125613?
False
Is 3530 a multiple of 9?
False
Is 11304583 a multiple of 1030?
False
Does 105 divide 407483?
False
Does 2 divide 205002?
True
Is 130510 a multiple of 393?
False
Does 5 divide 69766?
False
Is 89 a factor of 247776?
True
Does 22 divide 20853734?
True
Does 28 divide 2216060?
True
Does 54 divide 28096?
False
Is 2357640 a multiple of 12?
True
Does 28 divide 4333084?
True
Does 1226 divide 2801410?
True
Is 14 a factor of 162146?
False
Does 893 divide 8398242?
False
Is 123 a factor of 3305470?
False
Is 24 a factor of 5517128?
False
Does 10 divide 8093376?
False
Does 32 divide 160601?
False
Is 6 a factor of 126599?
False
Is 230 a factor of 423430?
True
Is 414520 a multiple of 20?
True
Is 22 a factor of 1853016?
True
Does 107 divide 307946?
True
Does 357 divide 89607?
True
Is 4208238 a multiple of 2?
True
Is 19133010 a multiple of 234?
True
Is 806748 a multiple of 69?
True
Does 78 divide 479303?
False
Is 39 a factor of 126672?
True
Does 535 divide 447714?
False
Is 742268 a multiple of 4?
True
Is 20375789 a multiple of 357?
False
Is 16 a factor of 8512?
True
Does 51 divide 1509353?
False
Is 246008 a multiple of 382?
True
Is 598245 a multiple of 15?
True
Is 633933 a multiple of 192?
False
Is 11 a factor of 47927?
True
Is 1556498 a multiple of 222?
False
Is 3 a factor of 2414813?
False
Does 20 divide 1654139?
False
Is 481121 a multiple of 11?
False
Does 194 divide 994250?
True
Does 33 divide 39072?
True
Is 122 a factor of 108628?
False
Is 5026883 a multiple of 21?
False
Is 22 a factor of 10582?
True
Does 22 divide 7923019?
False
Is 264 a factor of 148632?
True
Is 51 a factor of 1193751?
False
Does 308 divide 1609387?
False
Is 16 a factor of 29856?
True
Is 22 a factor of 44540?
False
Does 20 divide 1518460?
True
Is 935376 a multiple of 8?
True
Is 8354814 a multiple of 43?
True
Does 50 divide 2600?
True
Is 78 a factor of 1166189?
False
Does 8 divide 264608?
True
Is 1845 a factor of 3088530?
True
Is 200 a factor of 10703125?
False
Does 40 divide 124105?
False
Is 5 a factor of 15950?
True
Does 454 divide 1043989?
False
Does 4 divide 2131317?
False
Is 527 a factor of 733584?
True
Is 224378 a multiple of 341?
True
Is 56 a factor of 103040?
True
Is 13 a factor of 2428132?
False
Is 9856 a multiple of 7?
True
Is 10895748 a multiple of 9?
False
Is 165144 a multiple of 13?
False
Does 7 divide 14420?
True
Does 18 divide 245415?
False
Is 16047494 a multiple of 13?
False
Is 500220 a multiple of 28?
True
Does 12 divide 6306103?
False
Is 19051494 a multiple of 274?
True
Is 2338 a factor of 16655912?
True
Does 621 divide 2200203?
True
Is 6571547 a multiple of 6?
False
Is 16 a factor of 1027152?
True
Is 123873 a multiple of 157?
True
Is 3659888 a multiple of 16?
True
Does 6 divide 914926?
False
Is 1469896 a multiple of 80?
False
Does 2 divide 10635?
False
Is 101085 a multiple of 5?
True
Is 10781859 a multiple of 51?
True
Is 39293 a multiple of 3?
False
Is 22862 a multiple of 7?
True
Is 9 a factor of 167727?
False
Is 17053377 a multiple of 1266?
False
Is 7 a factor of 375531?
False
Is 1584206 a multiple of 26?
True
Does 70 divide 307063?
False
Does 44 divide 3608316?
False
Is 9 a factor of 1180431?
True
Is 2414165 a multiple of 825?
False
Is 200 a factor of 76600?
True
Is 23 a factor of 919379?
True
Does 48 divide 11088?
True
Is 5 a factor of 2933781?
False
Is 3200029 a multiple of 6?
False
Does 21 divide 215754?
True
Is 2390544 a multiple of 117?
True
Is 10 a factor of 3451?
False
Is 39 a factor of 231933?
True
Is 196 a factor of 120953?
False
Does 65 divide 80665?
True
Is 9487312 a multiple of 8?
True
Does 220 divide 304442?
False
Is 5360396 a multiple of 311?
True
Is 3616013 a multiple of 41?
False
Is 246 a factor of 7068190?
False
Does 188 divide 200032?
True
Does 40 divide 69758?
False
Is 13 a factor of 2598417?
False
Is 3149167 a multiple of 281?
True
Is 24334 a multiple of 23?
True
Is 14 a factor of 219840?
False
Is 23052 a multiple of 452?
True
Does 176 divide 150832?
True
Is 1744121 a multiple of 19?
False
Is 163293 a multiple of 39?
True
Is 408050 a multiple of 159?
False
Does 182 divide 284102?
True
Is 97 a factor of 29585?
True
Is 3224781 a multiple of 51?
True
Is 9 a factor of 137790?
True
Is 53820 a multiple of 30?
True
Is 204 a factor of 113029?
False
Is 102 a multiple of 6?
True
Does 18 divide 5961906?
True
Is 418475 a multiple of 226?
False
Is 122448 a multiple of 6?
True
Does 266 divide 63964?
False
Does 17 divide 186626?
True
Does 5 divide 896580?
True
Does 40 divide 79360?
True
Does 159 divide 3322667?
False
Is 651 a factor of 2275258?
False
Is 102 a factor of 136484?
False
Is 5553220 a multiple of 64?
False
Is 48 a factor of 2112?
True
Is 51 a factor of 5143554?
True
Is 5265993 a multiple of 221?
False
Is 107507 a multiple of 23?
False
Is 12 a factor of 178968?
True
Is 224787 even?
False
Is 25899 a multiple of 89?
True
Is 191385 a multiple of 15?
True
Does 4 divide 25208?
True
Does 41 divide 35388?
False
Does 13 divide 1241879?
False
Is 6372642 a multiple of 303?
False
Is 18 a factor of 3868800?
False
Is 1296880 a multiple of 145?
True
Does 229 divide 452275?
True
Is 29 a factor of 506920?
True
Is 13 a factor of 52936?
True
Is 529 a factor of 931605?
False
Is 1669448 a multiple of 44?
True
Is 285538 a multiple of 440?
False
Is 39 a factor of 4503993?
True
Does 59 divide 691679?
False
Is 28798 a multiple of 374?
True
Is 255622 a multiple of 23?
True
Is 259058 a multiple of 10?
False
Is 359754 a multiple of 102?
True
Is 12183562 a multiple of 2530?
False
Is 112374 a multiple of 7?
False
Does 53 divide 123013?
True
Is 293365 a multiple of 134?
False
Does 32 divide 19968?
True
Does 137 divide 2245788?
False
Is 9786645 a multiple of 349?
False
Is 29 a factor of 603258?
True
Is 1400346 a multiple of 18?
True
Does 6 divide 571200?
True
Is 15 a factor of 4545?
True
Is 211278 a multiple of 31?
False
Is 20 a factor of 6488960?
True
Is 19 a factor of 2485794?
False
Is 48 a factor of 231168?
True
Is 120 a factor of 1774080?
True
Is 25 a factor of 90094?
False
Does 288 divide 9797760?
True
Is 19 a factor of 226537?
True
Is 